 6*v - 7. Let i = 2536 + -2533. What is m(i)?
47
Let z(h) = -h**2 + 7*h - 6. Let w(j) = 14*j + 2. Let o be w(7). Suppose -2*p + o = 8*p. Suppose 24 = p*t - 4*t. Determine z(t).
6
Let x be 5 + 11 + (-40)/4. Let h(l) = -3*l**3 + 10*l**2 - 11*l + 29. Let y(b) = 2*b**3 - 7*b**2 + 7*b - 19. Let u(r) = -5*h(r) - 8*y(r). Calculate u(x).
1
Let s(y) = y**3 - y**2 - 20*y + 41. Let h(q) = -2*q**2 - 228*q - 4183. Let j be h(-91). What is s(j)?
-1
Let j be 10*48/150*(-2 + 7). Let s(n) = -n**2 + 11*n + 70. What is s(j)?
-10
Let j(h) be the second derivative of 1/20*h**5 + 0 - 3/2*h**2 - 1/3*h**3 - 1/12*h**4 + 2*h. Let y be j(0). Let f(c) = -c**3 - 3*c**2 - 4*c - 1. What is f(y)?
11
Let k(c) = -5*c + c**2 + 3 - 3. Suppose 2*l - 26 = -2*x, -5*l = -10*l - 25. Suppose x*f + 5 - 95 = 0. Determine k(f).
0
Suppose 22*d - 30 = 146. Let t(k) = -37*k - d + 3 + 40*k. Calculate t(7).
16
Suppose 4*j - 36 = 5*d, -12*d + 7*d = 20. Let i(c) = -j*c + 3 + c**2 - 6 - 4 + 8. Calculate i(3).
-2
Let b be ((-50)/(-5) - 5) + -3. Let k(s) be the first derivative of -8 - b - 4 - 4*s + 3 + s**2. Give k(5).
6
Let x(j) be the third derivative of -j**5/6 - j**4/12 - j**3/6 + 29*j**2. Let l = -16 - -21. Suppose l*z - 2*o = 3*o - 15, 2*z = -2*o + 2. Give x(z).
-9
Let w(f) be the third derivative of -35*f**4/12 + f**3 + 13*f**2 - 2*f + 23. What is w(2)?
-134
Let i be ((-20)/2)/(2/4). Let x be (i/(-6))/(3/(-9)). Let y be 65/(-39)*12/x. Let j(a) = -a**2 - 1. What is j(y)?
-5
Let i(q) = -152*q - 3. Let x(s) = 84*s - 1. Let j(c) = i(c) + 2*x(c). Determine j(-6).
-101
Let o(p) = 12*p - 3. Suppose 5*j + 5*v - 10 = 0, 9*j - v = 12*j - 4. Give o(j).
9
Let o(l) = 2*l**3 - 11*l**2 - 6*l + 6. Let w(v) = -v**3 - 8*v - 2. Let r(m) = o(m) + w(m). What is r(12)?
-20
Let s(g) = -23*g - 52 + 24 + 2*g**2 + g**3 - 25*g**2. Let k(i) = 5*i - 21. Let l be k(9). Let d be s(l). Let y(r) = r. Give y(d).
-4
Let x(h) = -6*h + 5*h - 3*h**2 + 187 - 181 + 15*h. Determine x(5).
1
Let g(j) = 26*j - 123. Let x(t) = -30*t + 128. Let b(c) = -4*g(c) - 3*x(c). Determine b(7).
10
Let m = 78 - 82. Let t(q) be the first derivative of -16 - q**2 + 2*q + 33 - q - 4*q. What is t(m)?
5
Let u = -19820 - -19825. Let a(q) = 32*q - 161. Give a(u).
-1
Suppose -181*z + 12810 = -176*z. Let l(j) = 2564*j - 5125*j + 4 + z*j. What is l(-10)?
-6
Let l(a) = 24*a**2 - 19*a - 3. Let m(i) = 1. Let x(p) = 13*p**2 - 10*p. Let u(h) = -m(h) + x(h). Let g(s) = -6*l(s) + 11*u(s). Determine g(5).
2
Suppose a - 4*w - 11 = w, 0 = 4*a - w - 25. Let r(n) = -a*n + 2 - n**2 + n + 2*n**2. Let m(s) = -3217*s + 4. Let z be m(0). What is r(z)?
-2
Let r(i) = -i**3 - 6*i**2 - 11*i - 19. Suppose -8*b + 87 = 208 - 81. Calculate r(b).
11
Suppose -5*q - 5*f = -30, 4*q + f - 8 = 4. Let y be (-4 + (4 - 0 - 2))*q. Let z(l) = -l - 6. Calculate z(y).
-2
Let d(c) = -146 - 479*c**2 + 299 + 474*c**2 - 140 + c**3 - 12*c. Calculate d(6).
-23
Let r(t) = -t**3 + 4*t**2 + 2*t - 1. Suppose -3*x + 2*d = -78, 3*x + 5*d - 33 - 24 = 0. Let f be 6*((-112)/x)/(-7). Determine r(f).
7
Let q(z) = -5*z + 13 - 5*z - 7 + 2 - 4. Suppose -31*g = -28*g - 9. Calculate q(g).
-26
Let d = 372 + -376. Suppose 0 = u + 4*y + 1, -u + 5*u - 5*y = 17. Let c = d + u. Let t(m) = 2*m + 1. Give t(c).
-1
Suppose -4*l = 3*q + 28, 6*l = 4*q + 3*l + 4. Let o(w) = -3 - w**2 + 2*w**2 + 0*w + 5*w + 0*w**2. Give o(q).
-7
Let f(s) = -5*s**3 - 15*s**2 + 40*s - 14. Let n(t) = -4*t**3 - 13*t**2 + 38*t - 13. Let z(u) = -3*f(u) + 4*n(u). Determine z(-10).
-30
Suppose 3 + 4 = n - 3*y, -5*y - 9 = -n. Let a(t) = -2*t + 1. Let h(s) = -15*s + 76 + 78 - 147. Let r(g) = 24*a(g) - 3*h(g). Give r(n).
-9
Let n = -541 + 556. Let b(h) = -n - 8*h + 3 + 6 + 1. Give b(-5).
35
Let d(k) = 61 - 9*k - 17 + 65 - 22. What is d(11)?
-12
Let v(h) be the third derivative of -h**6/120 + h**5/10 - h**4/24 + h**3/6 + 3*h**2 - 14384. Let r = 3 + 2. Determine v(r).
21
Let y(s) = -s + 3. Let x = 258 - 177. Suppose x*o + 10 = 83*o. What is y(o)?
-2
Let d(k) = 22*k. Let j(y) = y**3 - 78*y**2 + 156*y - 305. Let b be j(76). Give d(b).
-22
Let w(k) = 2*k. Suppose -66*i + 76*i = -10. Let n(v) = -3*v - 7. Let j(r) = i*w(r) - n(r). Calculate j(-8).
-1
Let u(y) = y**2 - y + 1. Let d(p) = 14*p**2 + 4*p - 3. Let f(m) = -d(m) - 3*u(m). Suppose -54 + 4 = -2*b. Suppose b*g = 13*g - 12. Give f(g).
-16
Let k(a) = -2*a**2 + 4*a + 1. Let g(t) = t**2 - 3*t. Let q(i) = 4*g(i) + 3*k(i). Suppose -6*x = 8*x - 3*x. Determine q(x).
3
Suppose 10 = -2*r + 4*v, 2*r + 2*r - 45 = -5*v. Let d(w) = w**2 + 4*w - 3*w + r*w - 84 + 83. Give d(4).
39
Let v(w) = -w**2 - 2*w + 2. Suppose -2*q - 4 = 4*h, -115*q - 3*h + 11 = -117*q. Determine v(q).
-6
Let j = 4205 - 4201. Let y(d) = -d**3 + 5*d**2 + 2*d. Determine y(j).
24
Let t = 301 - 207. Let q(y) = 47 - y - t + 51. Determine q(-3).
7
Let z(u) be the first derivative of -29 + 1/3*u**3 + 5/2*u**2 - 5*u. Give z(-4).
-9
Suppose 103 = -7*u + 257. Let n = -18 + u. Let g be n + -4 + 3 + 2. Let l(b) = b**3 - 4*b**2 - 4*b + 4. Calculate l(g).
9
Let x(z) be the third derivative of z**8/6720 - z**7/360 + z**6/180 + 35*z**4/24 - 29*z**2. Let y(i) be the second derivative of x(i). Calculate y(3).
-24
Let t(j) = j**3 + 29*j**2 - 3*j - 79. Let h be (-816)/272 - (0 + 29 + -3). Give t(h).
8
Let x(f) = 1 - f + 4*f - 5. Let k = 154 - 150. Give x(k).
8
Suppose -j - 2 + 4 = 0. Let s(q) = -75*q**j - 74*q**2 + 9 - 72*q**2 + 222*q**2 - 11*q. Give s(10).
-1
Suppose -158*n + 1713 = -1131 + 316. Let a(y) = y**3 - 17*y**2 + 19*y - 46. What is a(n)?
2
Let h be 50/(-18) + (-4)/18. Let q(j) be the second derivative of 5*j**3/6 + 2*j**2 - 4230*j. Determine q(h).
-11
Let z(g) = g**2 - 20*g + 98. Suppose -6*x + 456 = 70*x - 380. Calculate z(x).
-1
Let p(i) be the first derivative of i**4/4 + 9*i**3 - 29*i**2 + 13*i + 2021. Determine p(-29).
13
Suppose -4*a - 3*v = -14, -4*a + 10 = -21*v + 26*v. Let b(z) = 7*z. Give b(a).
35
Let m(q) = 2*q**3 - 2 - 3*q**3 - q - 11*q**2 + q**2 + 2 - 4 + 4*q**2. Suppose 0 = -4*d + 2*b - 16, 3 + 19 = -d - 4*b. Calculate m(d).
2
Let z = 21 - 3. Let j be (-24)/z*(-6)/(-4). Let f(m) be the second derivative of -m**4/6 - m**3/6 + m**2 + 1029*m. Determine f(j).
-4
Let o(b) = 68*b**2 + 29*b + 32. Let p(i) = -193*i**2 - 88*i - 95. Let c(n) = -17*o(n) - 6*p(n). Give c(-17).
9
Suppose 4*j + 3*n - 218 + 259 = 0, -4*n - 40 = -2*j. Let l(x) = 2*x**3 + 1 - 2*x - 4*x**3 + x**2 - 5*x**2. Determine l(j).
5
Suppose -451 = 3*i - 5*o + 262, -i - 247 = -4*o. Let l = 236 + i. Let h(b) = b + b**2 - 1 - 5*b - 2. Give h(l).
2
Let l = -3118 - -3121. Let b(v) = v**2 - 4*v - 1. Let h(o) = -o**2. Let y(q) = -b(q) + h(q). What is y(l)?
-5
Suppose 0 = -33*z + 57 + 9. Let k(d) = -d**3 + d**2 - d + 3. Let q be k(0). Let x(h) = q*h**2 + 127 + 2*h - z*h - 128. Calculate x(-1).
2
Let x(j) = -j**3 + 7*j**2 + 9*j - 4. Let q(h) = -h**3 + 26*h**2 + h - 21. Let m be q(26). Suppose 0 = t + 3*l - 5, -m*t + 2*l - 6*l = -36. Give x(t).
4
Let f be (-24)/(-14)*175/50. Let j(o) be the third derivative of -5/24*o**4 + 7/60*o**5 - 3*o**2 + 0 - 1/120*o**6 + 1/2*o**3 + 0*o. Determine j(f).
9
Suppose -4*r - 9 = -7*r. Let d(p) be the first derivative of -p**4/24 - p**2/2 + 6*p + 139. Let f(k) be the second derivative of d(k). Give f(r).
-3
Let h(t) be the third derivative of -16 + 0*t + t**2 - 1/3*t**3 + 1/120*t**6 + 1/8*t**4 - 1/15*t**5. What is h(4)?
10
Let s(m) = 10*m - 44. Let h be s(4). Let t(r) = -r**3 - r**2 + 13*r + 8. What is t(h)?
4
Let t(o) = o - 10. Let w = -28 + 88. Let b be (9*4/54)/(8/w). Calculate t(b).
-5
Let v(l) be the first derivative of -1/3*l**3 + 14*l - 2*l**2 - 15. Let w(j) be the first derivative of v(j). Determine w(-4).
4
Let p(q) = 8825*q + 8840*q - 32*q**2 - 17655*q + 10*q**2. Determine p(1).
-12
Let b = -3342 + 3360. Let c(n) = -n**3 + 19*n**2 - 19*n + 29. Calculate c(b).
11
Let q(o) = -5*o - 3. Suppose f - 3*z + 276 = -332, -f - 624 = z. Let m = -623 - f. Determine q(m).
12
Suppose 9*i - 193*i - 1555 = 1757. Let f(q) = -9*q - 164. What is f(i)?
-2
Let g(q) = -q**3 - 4*q**2 + 4*q - 5. Let v be g(-4). Let x be -4*(7/v)/(8/(-30)). Let d(m) = -m**2 - 3*m + 6. Calculate d(x).
-4
Let x(f) = -5*f - 13*f + 10 + 78 + 79 + 5*f. Calculate x(13).
-2
Let d(i) = i**2 - 13*i + 5. Let u(p) = -4*p**2 - 455*p - 771. Let x be u(-112). Determine d(x).
5
Let d(l) = 2 + 4*l**2 - 11*l